{"id":29,"date":"2026-03-06T10:33:41","date_gmt":"2026-03-06T10:33:41","guid":{"rendered":"https:\/\/sergiobrambillasca.com\/?page_id=29"},"modified":"2026-03-06T10:45:29","modified_gmt":"2026-03-06T10:45:29","slug":"29-2","status":"publish","type":"page","link":"https:\/\/sergiobrambillasca.com\/?page_id=29","title":{"rendered":"Sergio Brambillasca"},"content":{"rendered":"\n<div class=\"wp-block-cover alignfull is-light has-contrast-color has-text-color has-link-color wp-elements-4aeb60dd03769297e193c0887732772b\" style=\"margin-top:0;margin-bottom:0;padding-top:var(--wp--preset--spacing--60);padding-right:var(--wp--preset--spacing--50);padding-bottom:var(--wp--preset--spacing--60);padding-left:var(--wp--preset--spacing--50)\"><span aria-hidden=\"true\" class=\"wp-block-cover__background has-base-background-color has-background-dim-100 has-background-dim\"><\/span><div class=\"wp-block-cover__inner-container has-global-padding is-layout-constrained wp-container-core-cover-is-layout-873ee6b1 wp-block-cover-is-layout-constrained\">\n<div class=\"wp-block-columns alignwide is-layout-flex wp-container-core-columns-is-layout-7ee84d44 wp-block-columns-is-layout-flex\">\n<div class=\"wp-block-column is-layout-flow wp-block-column-is-layout-flow\" style=\"flex-basis:65%\">\n<div class=\"wp-block-group is-vertical is-content-justification-stretch is-layout-flex wp-container-core-group-is-layout-353c4f5a wp-block-group-is-layout-flex\">\n<h2 class=\"wp-block-heading has-text-align-left\" style=\"font-size:clamp(25.5px, 1.594rem + ((1vw - 3.2px) * 1.716), 43px);letter-spacing:-0.03em;line-height:1.4\">biografia<\/h2>\n\n\n\n<p class=\"has-text-align-left is-style-text-subtitle is-style-text-subtitle--1\">Sergio Brambillasca \u00e8 un artista contemporaneo che sviluppa una ricerca fondata sul rapporto tra memoria, spiritualit\u00e0 e responsabilit\u00e0 sociale. La sua opera attraversa figurazione, simbolo e tensione etica, trasformando l\u2019immagine in uno spazio di riflessione sulla coscienza individuale e collettiva.<br>Nel suo percorso ha sviluppato progetti espositivi in dialogo con temi civili e sociali, collaborando con istituzioni, scuole e realt\u00e0 culturali.<br>La sua ricerca si muove tra pittura, visione simbolica e narrazione contemporanea, con l\u2019intento di costruire immagini capaci di interrogare il presente attraverso la memoria.<\/p>\n\n\n\n<p class=\"is-style-text-subtitle is-style-text-subtitle--2\"><\/p>\n<\/div>\n<\/div>\n\n\n\n<div class=\"wp-block-column is-layout-flow wp-block-column-is-layout-flow\" style=\"flex-basis:35%\">\n<div class=\"wp-block-group is-vertical is-content-justification-stretch is-nowrap is-layout-flex wp-container-core-group-is-layout-73b0033c wp-block-group-is-layout-flex\">\n<figure class=\"wp-block-image size-full\"><img loading=\"lazy\" decoding=\"async\" width=\"2560\" height=\"2560\" src=\"https:\/\/sergiobrambillasca.com\/wp-content\/uploads\/2026\/03\/67-scaled.jpg\" alt=\"\" class=\"wp-image-30\" style=\"aspect-ratio:3\/4;object-fit:cover\" srcset=\"https:\/\/sergiobrambillasca.com\/wp-content\/uploads\/2026\/03\/67-scaled.jpg 2560w, https:\/\/sergiobrambillasca.com\/wp-content\/uploads\/2026\/03\/67-300x300.jpg 300w, https:\/\/sergiobrambillasca.com\/wp-content\/uploads\/2026\/03\/67-1024x1024.jpg 1024w, https:\/\/sergiobrambillasca.com\/wp-content\/uploads\/2026\/03\/67-150x150.jpg 150w, https:\/\/sergiobrambillasca.com\/wp-content\/uploads\/2026\/03\/67-768x768.jpg 768w, https:\/\/sergiobrambillasca.com\/wp-content\/uploads\/2026\/03\/67-1536x1536.jpg 1536w, https:\/\/sergiobrambillasca.com\/wp-content\/uploads\/2026\/03\/67-2048x2048.jpg 2048w\" sizes=\"auto, (max-width: 2560px) 100vw, 2560px\" \/><\/figure>\n\n\n\n<p class=\"has-text-align-right has-x-large-font-size\" style=\"line-height:1.2\"><a href=\"#\">Instagram<\/a><br><a href=\"#\">LinkedIn<\/a><br><a href=\"#\">Adesso<\/a><\/p>\n<\/div>\n<\/div>\n<\/div>\n<\/div><\/div>\n","protected":false},"excerpt":{"rendered":"","protected":false},"author":1,"featured_media":0,"parent":0,"menu_order":0,"comment_status":"closed","ping_status":"closed","template":"","meta":{"footnotes":""},"class_list":["post-29","page","type-page","status-publish","hentry"],"_links":{"self":[{"href":"https:\/\/sergiobrambillasca.com\/index.php?rest_route=\/wp\/v2\/pages\/29","targetHints":{"allow":["GET"]}}],"collection":[{"href":"https:\/\/sergiobrambillasca.com\/index.php?rest_route=\/wp\/v2\/pages"}],"about":[{"href":"https:\/\/sergiobrambillasca.com\/index.php?rest_route=\/wp\/v2\/types\/page"}],"author":[{"embeddable":true,"href":"https:\/\/sergiobrambillasca.com\/index.php?rest_route=\/wp\/v2\/users\/1"}],"replies":[{"embeddable":true,"href":"https:\/\/sergiobrambillasca.com\/index.php?rest_route=%2Fwp%2Fv2%2Fcomments&post=29"}],"version-history":[{"count":4,"href":"https:\/\/sergiobrambillasca.com\/index.php?rest_route=\/wp\/v2\/pages\/29\/revisions"}],"predecessor-version":[{"id":37,"href":"https:\/\/sergiobrambillasca.com\/index.php?rest_route=\/wp\/v2\/pages\/29\/revisions\/37"}],"wp:attachment":[{"href":"https:\/\/sergiobrambillasca.com\/index.php?rest_route=%2Fwp%2Fv2%2Fmedia&parent=29"}],"curies":[{"name":"wp","href":"https:\/\/api.w.org\/{rel}","templated":true}]}}